{"id":1095,"date":"2024-11-04T08:37:45","date_gmt":"2024-11-04T08:37:45","guid":{"rendered":"https:\/\/schankservice-morbach.de\/?page_id=1095"},"modified":"2024-12-11T11:34:59","modified_gmt":"2024-12-11T11:34:59","slug":"zertifikate-schankanlagen-sicherheitstechnik","status":"publish","type":"page","link":"https:\/\/schankservice-morbach.de\/index.php\/zertifikate-schankanlagen-sicherheitstechnik\/","title":{"rendered":"Zertifikate"},"content":{"rendered":"\t\t<div data-elementor-type=\"wp-page\" data-elementor-id=\"1095\" class=\"elementor elementor-1095\" data-elementor-post-type=\"page\">\n\t\t\t\t<div class=\"elementor-element elementor-element-d7f0a42 e-flex e-con-boxed e-con e-parent\" data-id=\"d7f0a42\" data-element_type=\"container\" data-e-type=\"container\">\n\t\t\t\t\t<div class=\"e-con-inner\">\n\t\t\t\t<div class=\"elementor-element elementor-element-0bf5808 elementor-widget elementor-widget-heading\" data-id=\"0bf5808\" data-element_type=\"widget\" data-e-type=\"widget\" data-widget_type=\"heading.default\">\n\t\t\t\t<div class=\"elementor-widget-container\">\n\t\t\t\t\t<h2 class=\"elementor-heading-title elementor-size-default\">Zertikifakte<\/h2>\t\t\t\t<\/div>\n\t\t\t\t<\/div>\n\t\t\t\t<div class=\"elementor-element elementor-element-06dda22 elementor-widget-divider--view-line elementor-widget elementor-widget-divider\" data-id=\"06dda22\" data-element_type=\"widget\" data-e-type=\"widget\" data-widget_type=\"divider.default\">\n\t\t\t\t<div class=\"elementor-widget-container\">\n\t\t\t\t\t\t\t<div class=\"elementor-divider\">\n\t\t\t<span class=\"elementor-divider-separator\">\n\t\t\t\t\t\t<\/span>\n\t\t<\/div>\n\t\t\t\t\t\t<\/div>\n\t\t\t\t<\/div>\n\t\t\t\t\t<\/div>\n\t\t\t\t<\/div>\n\t\t<div class=\"elementor-element elementor-element-9c2d150 e-flex e-con-boxed e-con e-parent\" data-id=\"9c2d150\" data-element_type=\"container\" data-e-type=\"container\">\n\t\t\t\t\t<div class=\"e-con-inner\">\n\t\t<div class=\"elementor-element elementor-element-380b48c e-con-full e-flex e-con e-child\" data-id=\"380b48c\" data-element_type=\"container\" data-e-type=\"container\">\n\t\t\t\t<div class=\"elementor-element elementor-element-1970793 elementor-widget elementor-widget-image\" data-id=\"1970793\" data-element_type=\"widget\" data-e-type=\"widget\" data-widget_type=\"image.default\">\n\t\t\t\t<div class=\"elementor-widget-container\">\n\t\t\t\t\t\t\t\t\t\t\t\t\t\t\t<img fetchpriority=\"high\" decoding=\"async\" width=\"718\" height=\"1024\" src=\"https:\/\/schankservice-morbach.de\/wp-content\/uploads\/2024\/11\/Fortbildung-Befaehigte-Person-DGUV-Grundsatz-310-007-min-718x1024.jpg\" class=\"attachment-large size-large wp-image-1100\" alt=\"Fortbildung Bef\u00e4higte Person DGUV-Grundsatz 310-007\" srcset=\"https:\/\/schankservice-morbach.de\/wp-content\/uploads\/2024\/11\/Fortbildung-Befaehigte-Person-DGUV-Grundsatz-310-007-min-718x1024.jpg 718w, https:\/\/schankservice-morbach.de\/wp-content\/uploads\/2024\/11\/Fortbildung-Befaehigte-Person-DGUV-Grundsatz-310-007-min-210x300.jpg 210w, https:\/\/schankservice-morbach.de\/wp-content\/uploads\/2024\/11\/Fortbildung-Befaehigte-Person-DGUV-Grundsatz-310-007-min-768x1095.jpg 768w, https:\/\/schankservice-morbach.de\/wp-content\/uploads\/2024\/11\/Fortbildung-Befaehigte-Person-DGUV-Grundsatz-310-007-min-1077x1536.jpg 1077w, https:\/\/schankservice-morbach.de\/wp-content\/uploads\/2024\/11\/Fortbildung-Befaehigte-Person-DGUV-Grundsatz-310-007-min-1436x2048.jpg 1436w, https:\/\/schankservice-morbach.de\/wp-content\/uploads\/2024\/11\/Fortbildung-Befaehigte-Person-DGUV-Grundsatz-310-007-min-scaled.jpg 1795w\" sizes=\"(max-width: 718px) 100vw, 718px\" \/>\t\t\t\t\t\t\t\t\t\t\t\t\t\t\t<\/div>\n\t\t\t\t<\/div>\n\t\t\t\t<\/div>\n\t\t<div class=\"elementor-element elementor-element-5758cd7 e-con-full e-flex e-con e-child\" data-id=\"5758cd7\" data-element_type=\"container\" data-e-type=\"container\">\n\t\t\t\t<div class=\"elementor-element elementor-element-7fe1865 elementor-widget elementor-widget-image\" data-id=\"7fe1865\" data-element_type=\"widget\" data-e-type=\"widget\" data-widget_type=\"image.default\">\n\t\t\t\t<div class=\"elementor-widget-container\">\n\t\t\t\t\t\t\t\t\t\t\t\t\t\t\t<img decoding=\"async\" width=\"718\" height=\"1024\" src=\"https:\/\/schankservice-morbach.de\/wp-content\/uploads\/2024\/11\/Lehrgang-DGUV-Grundsatz-310-010-min-718x1024.jpg\" class=\"attachment-large size-large wp-image-1101\" alt=\"Lehrgang DGUV-Grundsatz 310-010-min\" srcset=\"https:\/\/schankservice-morbach.de\/wp-content\/uploads\/2024\/11\/Lehrgang-DGUV-Grundsatz-310-010-min-718x1024.jpg 718w, https:\/\/schankservice-morbach.de\/wp-content\/uploads\/2024\/11\/Lehrgang-DGUV-Grundsatz-310-010-min-210x300.jpg 210w, https:\/\/schankservice-morbach.de\/wp-content\/uploads\/2024\/11\/Lehrgang-DGUV-Grundsatz-310-010-min-768x1095.jpg 768w, https:\/\/schankservice-morbach.de\/wp-content\/uploads\/2024\/11\/Lehrgang-DGUV-Grundsatz-310-010-min-1077x1536.jpg 1077w, https:\/\/schankservice-morbach.de\/wp-content\/uploads\/2024\/11\/Lehrgang-DGUV-Grundsatz-310-010-min-1436x2048.jpg 1436w, https:\/\/schankservice-morbach.de\/wp-content\/uploads\/2024\/11\/Lehrgang-DGUV-Grundsatz-310-010-min-scaled.jpg 1795w\" sizes=\"(max-width: 718px) 100vw, 718px\" \/>\t\t\t\t\t\t\t\t\t\t\t\t\t\t\t<\/div>\n\t\t\t\t<\/div>\n\t\t\t\t<\/div>\n\t\t\t\t\t<\/div>\n\t\t\t\t<\/div>\n\t\t<div class=\"elementor-element elementor-element-9b3cb8b e-flex e-con-boxed e-con e-parent\" data-id=\"9b3cb8b\" data-element_type=\"container\" data-e-type=\"container\">\n\t\t\t\t\t<div class=\"e-con-inner\">\n\t\t<div class=\"elementor-element elementor-element-3a63ece e-con-full e-flex e-con e-child\" data-id=\"3a63ece\" data-element_type=\"container\" data-e-type=\"container\">\n\t\t\t\t<div class=\"elementor-element elementor-element-508d5b2 elementor-widget elementor-widget-image\" data-id=\"508d5b2\" data-element_type=\"widget\" data-e-type=\"widget\" data-widget_type=\"image.default\">\n\t\t\t\t<div class=\"elementor-widget-container\">\n\t\t\t\t\t\t\t\t\t\t\t\t\t\t\t<img decoding=\"async\" width=\"718\" height=\"1024\" src=\"https:\/\/schankservice-morbach.de\/wp-content\/uploads\/2024\/11\/Lehrgang-DGUV-Grundlehrgang-310-010-min-718x1024.jpg\" class=\"attachment-large size-large wp-image-1102\" alt=\"Lehrgang DGUV-Grundlehrgang 310-010-min\" srcset=\"https:\/\/schankservice-morbach.de\/wp-content\/uploads\/2024\/11\/Lehrgang-DGUV-Grundlehrgang-310-010-min-718x1024.jpg 718w, https:\/\/schankservice-morbach.de\/wp-content\/uploads\/2024\/11\/Lehrgang-DGUV-Grundlehrgang-310-010-min-210x300.jpg 210w, https:\/\/schankservice-morbach.de\/wp-content\/uploads\/2024\/11\/Lehrgang-DGUV-Grundlehrgang-310-010-min-768x1095.jpg 768w, https:\/\/schankservice-morbach.de\/wp-content\/uploads\/2024\/11\/Lehrgang-DGUV-Grundlehrgang-310-010-min-1077x1536.jpg 1077w, https:\/\/schankservice-morbach.de\/wp-content\/uploads\/2024\/11\/Lehrgang-DGUV-Grundlehrgang-310-010-min-1436x2048.jpg 1436w, https:\/\/schankservice-morbach.de\/wp-content\/uploads\/2024\/11\/Lehrgang-DGUV-Grundlehrgang-310-010-min-scaled.jpg 1795w\" sizes=\"(max-width: 718px) 100vw, 718px\" \/>\t\t\t\t\t\t\t\t\t\t\t\t\t\t\t<\/div>\n\t\t\t\t<\/div>\n\t\t\t\t<\/div>\n\t\t<div class=\"elementor-element elementor-element-4e73bef e-con-full e-flex e-con e-child\" data-id=\"4e73bef\" data-element_type=\"container\" data-e-type=\"container\">\n\t\t\t\t<div class=\"elementor-element elementor-element-a0d472e elementor-widget elementor-widget-image\" data-id=\"a0d472e\" data-element_type=\"widget\" data-e-type=\"widget\" data-widget_type=\"image.default\">\n\t\t\t\t<div class=\"elementor-widget-container\">\n\t\t\t\t\t\t\t\t\t\t\t\t\t\t\t<img loading=\"lazy\" decoding=\"async\" width=\"718\" height=\"1024\" src=\"https:\/\/schankservice-morbach.de\/wp-content\/uploads\/2024\/11\/Lehrgang-Gaswarngeraet-Analox-min-718x1024.jpg\" class=\"attachment-large size-large wp-image-1103\" alt=\"Lehrgang Gaswarnger\u00e4t Analox-min\" srcset=\"https:\/\/schankservice-morbach.de\/wp-content\/uploads\/2024\/11\/Lehrgang-Gaswarngeraet-Analox-min-718x1024.jpg 718w, https:\/\/schankservice-morbach.de\/wp-content\/uploads\/2024\/11\/Lehrgang-Gaswarngeraet-Analox-min-210x300.jpg 210w, https:\/\/schankservice-morbach.de\/wp-content\/uploads\/2024\/11\/Lehrgang-Gaswarngeraet-Analox-min-768x1095.jpg 768w, https:\/\/schankservice-morbach.de\/wp-content\/uploads\/2024\/11\/Lehrgang-Gaswarngeraet-Analox-min-1077x1536.jpg 1077w, https:\/\/schankservice-morbach.de\/wp-content\/uploads\/2024\/11\/Lehrgang-Gaswarngeraet-Analox-min-1436x2048.jpg 1436w, https:\/\/schankservice-morbach.de\/wp-content\/uploads\/2024\/11\/Lehrgang-Gaswarngeraet-Analox-min-scaled.jpg 1795w\" sizes=\"(max-width: 718px) 100vw, 718px\" \/>\t\t\t\t\t\t\t\t\t\t\t\t\t\t\t<\/div>\n\t\t\t\t<\/div>\n\t\t\t\t<\/div>\n\t\t\t\t\t<\/div>\n\t\t\t\t<\/div>\n\t\t<div class=\"elementor-element elementor-element-409b616 e-flex e-con-boxed e-con e-parent\" data-id=\"409b616\" data-element_type=\"container\" data-e-type=\"container\">\n\t\t\t\t\t<div class=\"e-con-inner\">\n\t\t<div class=\"elementor-element elementor-element-953e09b e-con-full e-flex e-con e-child\" data-id=\"953e09b\" data-element_type=\"container\" data-e-type=\"container\">\n\t\t\t\t<div class=\"elementor-element elementor-element-7423bdd elementor-widget elementor-widget-image\" data-id=\"7423bdd\" data-element_type=\"widget\" data-e-type=\"widget\" data-widget_type=\"image.default\">\n\t\t\t\t<div class=\"elementor-widget-container\">\n\t\t\t\t\t\t\t\t\t\t\t\t\t\t\t<img loading=\"lazy\" decoding=\"async\" width=\"718\" height=\"1024\" src=\"https:\/\/schankservice-morbach.de\/wp-content\/uploads\/2024\/11\/Lehrgang-Gaswarngeraet-Kundo-min-718x1024.jpg\" class=\"attachment-large size-large wp-image-1104\" alt=\"Lehrgang Gaswarnger\u00e4t Kundo-min\" srcset=\"https:\/\/schankservice-morbach.de\/wp-content\/uploads\/2024\/11\/Lehrgang-Gaswarngeraet-Kundo-min-718x1024.jpg 718w, https:\/\/schankservice-morbach.de\/wp-content\/uploads\/2024\/11\/Lehrgang-Gaswarngeraet-Kundo-min-210x300.jpg 210w, https:\/\/schankservice-morbach.de\/wp-content\/uploads\/2024\/11\/Lehrgang-Gaswarngeraet-Kundo-min-768x1095.jpg 768w, https:\/\/schankservice-morbach.de\/wp-content\/uploads\/2024\/11\/Lehrgang-Gaswarngeraet-Kundo-min-1077x1536.jpg 1077w, https:\/\/schankservice-morbach.de\/wp-content\/uploads\/2024\/11\/Lehrgang-Gaswarngeraet-Kundo-min.jpg 1156w\" sizes=\"(max-width: 718px) 100vw, 718px\" \/>\t\t\t\t\t\t\t\t\t\t\t\t\t\t\t<\/div>\n\t\t\t\t<\/div>\n\t\t\t\t<\/div>\n\t\t\t\t\t<\/div>\n\t\t\t\t<\/div>\n\t\t<div class=\"elementor-element elementor-element-fd13be5 e-flex e-con-boxed e-con e-parent\" data-id=\"fd13be5\" data-element_type=\"container\" data-e-type=\"container\">\n\t\t\t\t\t<div class=\"e-con-inner\">\n\t\t\t\t<div class=\"elementor-element elementor-element-9b3e0f1 elementor-widget-divider--view-line elementor-widget elementor-widget-divider\" data-id=\"9b3e0f1\" data-element_type=\"widget\" data-e-type=\"widget\" data-widget_type=\"divider.default\">\n\t\t\t\t<div class=\"elementor-widget-container\">\n\t\t\t\t\t\t\t<div class=\"elementor-divider\">\n\t\t\t<span class=\"elementor-divider-separator\">\n\t\t\t\t\t\t<\/span>\n\t\t<\/div>\n\t\t\t\t\t\t<\/div>\n\t\t\t\t<\/div>\n\t\t\t\t\t<\/div>\n\t\t\t\t<\/div>\n\t\t\t\t<\/div>\n\t\t","protected":false},"excerpt":{"rendered":"<p>Zertikifakte<\/p>\n","protected":false},"author":1,"featured_media":674,"parent":0,"menu_order":0,"comment_status":"closed","ping_status":"closed","template":"","meta":{"site-sidebar-layout":"no-sidebar","site-content-layout":"","ast-site-content-layout":"full-width-container","site-content-style":"default","site-sidebar-style":"default","ast-global-header-display":"","ast-banner-title-visibility":"","ast-main-header-display":"","ast-hfb-above-header-display":"","ast-hfb-below-header-display":"","ast-hfb-mobile-header-display":"","site-post-title":"disabled","ast-breadcrumbs-content":"","ast-featured-img":"disabled","footer-sml-layout":"","theme-transparent-header-meta":"","adv-header-id-meta":"","stick-header-meta":"","header-above-stick-meta":"","header-main-stick-meta":"","header-below-stick-meta":"","astra-migrate-meta-layouts":"default","ast-page-background-enabled":"default","ast-page-background-meta":{"desktop":{"background-color":"var(--ast-global-color-4)","background-image":"","background-repeat":"repeat","background-position":"center center","background-size":"auto","background-attachment":"scroll","background-type":"","background-media":"","overlay-type":"","overlay-color":"","overlay-opacity":"","overlay-gradient":""},"tablet":{"background-color":"","background-image":"","background-repeat":"repeat","background-position":"center center","background-size":"auto","background-attachment":"scroll","background-type":"","background-media":"","overlay-type":"","overlay-color":"","overlay-opacity":"","overlay-gradient":""},"mobile":{"background-color":"","background-image":"","background-repeat":"repeat","background-position":"center center","background-size":"auto","background-attachment":"scroll","background-type":"","background-media":"","overlay-type":"","overlay-color":"","overlay-opacity":"","overlay-gradient":""}},"ast-content-background-meta":{"desktop":{"background-color":"var(--ast-global-color-5)","background-image":"","background-repeat":"repeat","background-position":"center center","background-size":"auto","background-attachment":"scroll","background-type":"","background-media":"","overlay-type":"","overlay-color":"","overlay-opacity":"","overlay-gradient":""},"tablet":{"background-color":"var(--ast-global-color-5)","background-image":"","background-repeat":"repeat","background-position":"center center","background-size":"auto","background-attachment":"scroll","background-type":"","background-media":"","overlay-type":"","overlay-color":"","overlay-opacity":"","overlay-gradient":""},"mobile":{"background-color":"var(--ast-global-color-5)","background-image":"","background-repeat":"repeat","background-position":"center center","background-size":"auto","background-attachment":"scroll","background-type":"","background-media":"","overlay-type":"","overlay-color":"","overlay-opacity":"","overlay-gradient":""}},"footnotes":""},"class_list":["post-1095","page","type-page","status-publish","has-post-thumbnail","hentry"],"yoast_head":"<!-- This site is optimized with the Yoast SEO plugin v27.4 - https:\/\/yoast.com\/product\/yoast-seo-wordpress\/ -->\n<title>Zertifikate f\u00fcr Schankanlagen &amp; Sicherheitstechnik<\/title>\n<meta name=\"description\" content=\"Unsere Zertifikate garantieren h\u00f6chste Qualit\u00e4t: Schankanlagenreinigung nach DIN 6650-6, Gaswarnpr\u00fcfung und sicherheitstechnische Pr\u00fcfungen.\" \/>\n<meta name=\"robots\" content=\"index, follow, max-snippet:-1, max-image-preview:large, max-video-preview:-1\" \/>\n<link rel=\"canonical\" href=\"https:\/\/schankservice-morbach.de\/index.php\/zertifikate-schankanlagen-sicherheitstechnik\/\" \/>\n<meta property=\"og:locale\" content=\"de_DE\" \/>\n<meta property=\"og:type\" content=\"article\" \/>\n<meta property=\"og:title\" content=\"Zertifikate f\u00fcr Schankanlagen &amp; Sicherheitstechnik\" \/>\n<meta property=\"og:description\" content=\"Unsere Zertifikate garantieren h\u00f6chste Qualit\u00e4t: Schankanlagenreinigung nach DIN 6650-6, Gaswarnpr\u00fcfung und sicherheitstechnische Pr\u00fcfungen.\" \/>\n<meta property=\"og:url\" content=\"https:\/\/schankservice-morbach.de\/index.php\/zertifikate-schankanlagen-sicherheitstechnik\/\" \/>\n<meta property=\"og:site_name\" content=\"Schankservice Morbach\" \/>\n<meta property=\"article:publisher\" content=\"https:\/\/www.facebook.com\/Schankanlagenservice.Andreas.Morbach\/\" \/>\n<meta property=\"article:modified_time\" content=\"2024-12-11T11:34:59+00:00\" \/>\n<meta property=\"og:image\" content=\"https:\/\/schankservice-morbach.de\/wp-content\/uploads\/2024\/11\/flgxjacz5k-edited-1.jpg\" \/>\n\t<meta property=\"og:image:width\" content=\"800\" \/>\n\t<meta property=\"og:image:height\" content=\"600\" \/>\n\t<meta property=\"og:image:type\" content=\"image\/jpeg\" \/>\n<meta name=\"twitter:card\" content=\"summary_large_image\" \/>\n<meta name=\"twitter:label1\" content=\"Gesch\u00e4tzte Lesezeit\" \/>\n\t<meta name=\"twitter:data1\" content=\"2\u00a0Minuten\" \/>\n<script type=\"application\/ld+json\" class=\"yoast-schema-graph\">{\"@context\":\"https:\\\/\\\/schema.org\",\"@graph\":[{\"@type\":\"WebPage\",\"@id\":\"https:\\\/\\\/schankservice-morbach.de\\\/index.php\\\/zertifikate-schankanlagen-sicherheitstechnik\\\/\",\"url\":\"https:\\\/\\\/schankservice-morbach.de\\\/index.php\\\/zertifikate-schankanlagen-sicherheitstechnik\\\/\",\"name\":\"Zertifikate f\u00fcr Schankanlagen & Sicherheitstechnik\",\"isPartOf\":{\"@id\":\"https:\\\/\\\/schankservice-morbach.de\\\/#website\"},\"primaryImageOfPage\":{\"@id\":\"https:\\\/\\\/schankservice-morbach.de\\\/index.php\\\/zertifikate-schankanlagen-sicherheitstechnik\\\/#primaryimage\"},\"image\":{\"@id\":\"https:\\\/\\\/schankservice-morbach.de\\\/index.php\\\/zertifikate-schankanlagen-sicherheitstechnik\\\/#primaryimage\"},\"thumbnailUrl\":\"https:\\\/\\\/schankservice-morbach.de\\\/wp-content\\\/uploads\\\/2024\\\/11\\\/flgxjacz5k-edited-1.jpg\",\"datePublished\":\"2024-11-04T08:37:45+00:00\",\"dateModified\":\"2024-12-11T11:34:59+00:00\",\"description\":\"Unsere Zertifikate garantieren h\u00f6chste Qualit\u00e4t: Schankanlagenreinigung nach DIN 6650-6, Gaswarnpr\u00fcfung und sicherheitstechnische Pr\u00fcfungen.\",\"breadcrumb\":{\"@id\":\"https:\\\/\\\/schankservice-morbach.de\\\/index.php\\\/zertifikate-schankanlagen-sicherheitstechnik\\\/#breadcrumb\"},\"inLanguage\":\"de\",\"potentialAction\":[{\"@type\":\"ReadAction\",\"target\":[\"https:\\\/\\\/schankservice-morbach.de\\\/index.php\\\/zertifikate-schankanlagen-sicherheitstechnik\\\/\"]}]},{\"@type\":\"ImageObject\",\"inLanguage\":\"de\",\"@id\":\"https:\\\/\\\/schankservice-morbach.de\\\/index.php\\\/zertifikate-schankanlagen-sicherheitstechnik\\\/#primaryimage\",\"url\":\"https:\\\/\\\/schankservice-morbach.de\\\/wp-content\\\/uploads\\\/2024\\\/11\\\/flgxjacz5k-edited-1.jpg\",\"contentUrl\":\"https:\\\/\\\/schankservice-morbach.de\\\/wp-content\\\/uploads\\\/2024\\\/11\\\/flgxjacz5k-edited-1.jpg\",\"width\":800,\"height\":600},{\"@type\":\"BreadcrumbList\",\"@id\":\"https:\\\/\\\/schankservice-morbach.de\\\/index.php\\\/zertifikate-schankanlagen-sicherheitstechnik\\\/#breadcrumb\",\"itemListElement\":[{\"@type\":\"ListItem\",\"position\":1,\"name\":\"Startseite\",\"item\":\"https:\\\/\\\/schankservice-morbach.de\\\/\"},{\"@type\":\"ListItem\",\"position\":2,\"name\":\"Zertifikate\"}]},{\"@type\":\"WebSite\",\"@id\":\"https:\\\/\\\/schankservice-morbach.de\\\/#website\",\"url\":\"https:\\\/\\\/schankservice-morbach.de\\\/\",\"name\":\"Schankanlagenservice Morbach\",\"description\":\"Mit uns zum ungetr\u00fcbten Genuss!\",\"publisher\":{\"@id\":\"https:\\\/\\\/schankservice-morbach.de\\\/#organization\"},\"alternateName\":\"Schankservice Morbach\",\"potentialAction\":[{\"@type\":\"SearchAction\",\"target\":{\"@type\":\"EntryPoint\",\"urlTemplate\":\"https:\\\/\\\/schankservice-morbach.de\\\/?s={search_term_string}\"},\"query-input\":{\"@type\":\"PropertyValueSpecification\",\"valueRequired\":true,\"valueName\":\"search_term_string\"}}],\"inLanguage\":\"de\"},{\"@type\":\"Organization\",\"@id\":\"https:\\\/\\\/schankservice-morbach.de\\\/#organization\",\"name\":\"Schankanalgenservice Morbach\",\"alternateName\":\"Schankservice Morbach\",\"url\":\"https:\\\/\\\/schankservice-morbach.de\\\/\",\"logo\":{\"@type\":\"ImageObject\",\"inLanguage\":\"de\",\"@id\":\"https:\\\/\\\/schankservice-morbach.de\\\/#\\\/schema\\\/logo\\\/image\\\/\",\"url\":\"https:\\\/\\\/schankservice-morbach.de\\\/wp-content\\\/uploads\\\/2024\\\/11\\\/Logo_4c-1.png\",\"contentUrl\":\"https:\\\/\\\/schankservice-morbach.de\\\/wp-content\\\/uploads\\\/2024\\\/11\\\/Logo_4c-1.png\",\"width\":700,\"height\":220,\"caption\":\"Schankanalgenservice Morbach\"},\"image\":{\"@id\":\"https:\\\/\\\/schankservice-morbach.de\\\/#\\\/schema\\\/logo\\\/image\\\/\"},\"sameAs\":[\"https:\\\/\\\/www.facebook.com\\\/Schankanlagenservice.Andreas.Morbach\\\/\"]}]}<\/script>\n<!-- \/ Yoast SEO plugin. -->","yoast_head_json":{"title":"Zertifikate f\u00fcr Schankanlagen & Sicherheitstechnik","description":"Unsere Zertifikate garantieren h\u00f6chste Qualit\u00e4t: Schankanlagenreinigung nach DIN 6650-6, Gaswarnpr\u00fcfung und sicherheitstechnische Pr\u00fcfungen.","robots":{"index":"index","follow":"follow","max-snippet":"max-snippet:-1","max-image-preview":"max-image-preview:large","max-video-preview":"max-video-preview:-1"},"canonical":"https:\/\/schankservice-morbach.de\/index.php\/zertifikate-schankanlagen-sicherheitstechnik\/","og_locale":"de_DE","og_type":"article","og_title":"Zertifikate f\u00fcr Schankanlagen & Sicherheitstechnik","og_description":"Unsere Zertifikate garantieren h\u00f6chste Qualit\u00e4t: Schankanlagenreinigung nach DIN 6650-6, Gaswarnpr\u00fcfung und sicherheitstechnische Pr\u00fcfungen.","og_url":"https:\/\/schankservice-morbach.de\/index.php\/zertifikate-schankanlagen-sicherheitstechnik\/","og_site_name":"Schankservice Morbach","article_publisher":"https:\/\/www.facebook.com\/Schankanlagenservice.Andreas.Morbach\/","article_modified_time":"2024-12-11T11:34:59+00:00","og_image":[{"width":800,"height":600,"url":"https:\/\/schankservice-morbach.de\/wp-content\/uploads\/2024\/11\/flgxjacz5k-edited-1.jpg","type":"image\/jpeg"}],"twitter_card":"summary_large_image","twitter_misc":{"Gesch\u00e4tzte Lesezeit":"2\u00a0Minuten"},"schema":{"@context":"https:\/\/schema.org","@graph":[{"@type":"WebPage","@id":"https:\/\/schankservice-morbach.de\/index.php\/zertifikate-schankanlagen-sicherheitstechnik\/","url":"https:\/\/schankservice-morbach.de\/index.php\/zertifikate-schankanlagen-sicherheitstechnik\/","name":"Zertifikate f\u00fcr Schankanlagen & Sicherheitstechnik","isPartOf":{"@id":"https:\/\/schankservice-morbach.de\/#website"},"primaryImageOfPage":{"@id":"https:\/\/schankservice-morbach.de\/index.php\/zertifikate-schankanlagen-sicherheitstechnik\/#primaryimage"},"image":{"@id":"https:\/\/schankservice-morbach.de\/index.php\/zertifikate-schankanlagen-sicherheitstechnik\/#primaryimage"},"thumbnailUrl":"https:\/\/schankservice-morbach.de\/wp-content\/uploads\/2024\/11\/flgxjacz5k-edited-1.jpg","datePublished":"2024-11-04T08:37:45+00:00","dateModified":"2024-12-11T11:34:59+00:00","description":"Unsere Zertifikate garantieren h\u00f6chste Qualit\u00e4t: Schankanlagenreinigung nach DIN 6650-6, Gaswarnpr\u00fcfung und sicherheitstechnische Pr\u00fcfungen.","breadcrumb":{"@id":"https:\/\/schankservice-morbach.de\/index.php\/zertifikate-schankanlagen-sicherheitstechnik\/#breadcrumb"},"inLanguage":"de","potentialAction":[{"@type":"ReadAction","target":["https:\/\/schankservice-morbach.de\/index.php\/zertifikate-schankanlagen-sicherheitstechnik\/"]}]},{"@type":"ImageObject","inLanguage":"de","@id":"https:\/\/schankservice-morbach.de\/index.php\/zertifikate-schankanlagen-sicherheitstechnik\/#primaryimage","url":"https:\/\/schankservice-morbach.de\/wp-content\/uploads\/2024\/11\/flgxjacz5k-edited-1.jpg","contentUrl":"https:\/\/schankservice-morbach.de\/wp-content\/uploads\/2024\/11\/flgxjacz5k-edited-1.jpg","width":800,"height":600},{"@type":"BreadcrumbList","@id":"https:\/\/schankservice-morbach.de\/index.php\/zertifikate-schankanlagen-sicherheitstechnik\/#breadcrumb","itemListElement":[{"@type":"ListItem","position":1,"name":"Startseite","item":"https:\/\/schankservice-morbach.de\/"},{"@type":"ListItem","position":2,"name":"Zertifikate"}]},{"@type":"WebSite","@id":"https:\/\/schankservice-morbach.de\/#website","url":"https:\/\/schankservice-morbach.de\/","name":"Schankanlagenservice Morbach","description":"Mit uns zum ungetr\u00fcbten Genuss!","publisher":{"@id":"https:\/\/schankservice-morbach.de\/#organization"},"alternateName":"Schankservice Morbach","potentialAction":[{"@type":"SearchAction","target":{"@type":"EntryPoint","urlTemplate":"https:\/\/schankservice-morbach.de\/?s={search_term_string}"},"query-input":{"@type":"PropertyValueSpecification","valueRequired":true,"valueName":"search_term_string"}}],"inLanguage":"de"},{"@type":"Organization","@id":"https:\/\/schankservice-morbach.de\/#organization","name":"Schankanalgenservice Morbach","alternateName":"Schankservice Morbach","url":"https:\/\/schankservice-morbach.de\/","logo":{"@type":"ImageObject","inLanguage":"de","@id":"https:\/\/schankservice-morbach.de\/#\/schema\/logo\/image\/","url":"https:\/\/schankservice-morbach.de\/wp-content\/uploads\/2024\/11\/Logo_4c-1.png","contentUrl":"https:\/\/schankservice-morbach.de\/wp-content\/uploads\/2024\/11\/Logo_4c-1.png","width":700,"height":220,"caption":"Schankanalgenservice Morbach"},"image":{"@id":"https:\/\/schankservice-morbach.de\/#\/schema\/logo\/image\/"},"sameAs":["https:\/\/www.facebook.com\/Schankanlagenservice.Andreas.Morbach\/"]}]}},"_links":{"self":[{"href":"https:\/\/schankservice-morbach.de\/index.php\/wp-json\/wp\/v2\/pages\/1095","targetHints":{"allow":["GET"]}}],"collection":[{"href":"https:\/\/schankservice-morbach.de\/index.php\/wp-json\/wp\/v2\/pages"}],"about":[{"href":"https:\/\/schankservice-morbach.de\/index.php\/wp-json\/wp\/v2\/types\/page"}],"author":[{"embeddable":true,"href":"https:\/\/schankservice-morbach.de\/index.php\/wp-json\/wp\/v2\/users\/1"}],"replies":[{"embeddable":true,"href":"https:\/\/schankservice-morbach.de\/index.php\/wp-json\/wp\/v2\/comments?post=1095"}],"version-history":[{"count":11,"href":"https:\/\/schankservice-morbach.de\/index.php\/wp-json\/wp\/v2\/pages\/1095\/revisions"}],"predecessor-version":[{"id":1267,"href":"https:\/\/schankservice-morbach.de\/index.php\/wp-json\/wp\/v2\/pages\/1095\/revisions\/1267"}],"wp:featuredmedia":[{"embeddable":true,"href":"https:\/\/schankservice-morbach.de\/index.php\/wp-json\/wp\/v2\/media\/674"}],"wp:attachment":[{"href":"https:\/\/schankservice-morbach.de\/index.php\/wp-json\/wp\/v2\/media?parent=1095"}],"curies":[{"name":"wp","href":"https:\/\/api.w.org\/{rel}","templated":true}]}}